0*d + 678 = -200 - 882. Calculate the highest common divisor of 4378 and d.
22
Let t be 7*6*49 + 6 + (-7 - -2). Calculate the highest common divisor of 116 and t.
29
Let q(x) = -26*x**2 + 1287*x - 128. Let t be q(28). What is the greatest common divisor of 4 and t?
4
Suppose 17*r - 5908 = 4972. Suppose -632*s + r*s = 4288. Calculate the highest common divisor of 8 and s.
8
Let p be (3 - 1)/(1 + (-12)/20). Suppose -2*s - 194 = -3*l, -254 = -4*l + 10*s - p*s. What is the highest common divisor of 99 and l?
33
Suppose 0 = g - 2*s - 601, 0 = 59*g - 60*g - 4*s + 631. Calculate the greatest common divisor of 169 and g.
13
Suppose 4*o + 896 = 5*j, -27 = 44*o - 41*o. What is the highest common divisor of 5633 and j?
43
Let l be (1/1)/((-3)/9). Let v be (-1)/(l/(-12)*3/(-60)). Let s be (-1 + 13/4)/(3/v). What is the greatest common factor of 15 and s?
15
Suppose -2631 = -5*z - r, 3*r = -24*z + 21*z + 1593. What is the highest common divisor of z and 1625?
25
Let a = -223 - -393. Let w = -71 + a. What is the highest common divisor of w and 22?
11
Suppose -3*s + c = -59, 0*c = -5*s + 2*c + 98. Suppose -x + 4*a = -s, 2*x + 5*a - 32 + 18 = 0. Calculate the highest common divisor of 156 and x.
12
Let m(w) = -86*w - 1. Let g be m(-1). Let v be ((-360)/12)/(14/(-7)). What is the highest common divisor of g and v?
5
Suppose -129*c - 56316 + 157527 = -124281. Calculate the greatest common divisor of 322 and c.
46
Suppose 221 = -5*b + 18*b. Suppose -30 = -13*w + 7*w. Suppose -5*u + 544 = 5*h - 196, -w*u = 3*h - 434. Calculate the greatest common factor of h and b.
17
Let k be (-1 + 1)/5 - -6. Suppose 3*l - 879 = t + 96, -4*t = 5*l - 1642. Suppose 2*g + 4 = -0, -l = -5*n - 2*g. What is the highest common divisor of k and n?
6
Let a(o) = -4*o - 4. Let n be a(-4). Suppose -2*k + 4*g + 124 = 0, -3199*k + 3202*k + 4*g = -24. Calculate the highest common divisor of k and n.
4
Suppose -6*b + 8*b = -30. Let i be (-11)/(-5) - (-3)/b. Let h(a) = -a**2 + 7*a + 2. Let x be h(i). What is the highest common factor of x and 48?
12
Suppose -28 = 14*d - 168. Let p be (-1494)/(-17) + -1*d/(-85). What is the greatest common divisor of p and 16?
8
Let w(q) = 33*q**3 + 11*q**2 + 5*q - 23. Let l be w(4). What is the highest common factor of 10 and l?
5
Suppose 11*y + 5*g = 8*y + 780, -768 = -3*y - 3*g. What is the greatest common factor of 2 and y?
2
Suppose -3*l - 5*m = -98, 2*l + 4*m = 16 + 54. Let g(o) = -o**2 - 6*o + 6. Let b be g(-4). Calculate the greatest common factor of l and b.
7
Suppose 79948 = -31*x + 124*x - 47*x. Calculate the greatest common factor of x and 22.
22
Suppose -2*b = -17 - 17. Let x = 43 + b. Suppose 4*c + 128 = 5*y, y = 2*c - 5*c + 18. Calculate the greatest common divisor of x and y.
12
Suppose 0 = -3*o + 2181 - 1911. What is the greatest common factor of 99 and o?
9
Let o(p) = -910*p - 15050. Let c be o(-17). Let j = 304 - 184. Calculate the greatest common divisor of j and c.
60
Suppose 0 = 5*z + 25, -13*u + 16*u = 5*z + 40. Let v = -185 + 115. Let l be (6/u)/((-21)/v). What is the greatest common factor of 20 and l?
4
Let a(j) = j**2 - 9*j + 16. Let r be a(3). Let t be (2/4)/(3/r - -2). Let i be (-91)/(t*(-5)/10). What is the greatest common divisor of 26 and i?
26
Let r = -154 - -382. Suppose 228 = 19*h - r. Suppose -2*z + 8 = -0*z. What is the highest common factor of h and z?
4
Let t be 1/(1/(-217)*-1). Suppose 4*b - t = -41. Let j be (-112)/(-40)*(-70)/(-49). Calculate the highest common divisor of b and j.
4
Suppose -18*u + 22*u - 15 = 5*o, u = 2*o. What is the greatest common factor of u and 1830?
10
Let n = 23622 - 23533. What is the greatest common divisor of n and 2581?
89
Let r = -96 + 98. Suppose 0 = -3*l - 5*n - 13 - r, -3*l = n + 3. Suppose l*d = -9*d + 252. What is the highest common factor of d and 196?
28
Let u be (-9)/(-63) + (-136)/(-28). Suppose 3*q - 5*k = 16 + 18, u*q + k - 94 = 0. What is the greatest common factor of q and 9?
9
Let w be (15 - (-6 + 2)) + 4/2. Let t be (-2)/16 - (-12)/96. Suppose t*p - 303 = -5*p + 4*z, 5*p - 327 = -4*z. Calculate the greatest common divisor of w and p.
21
Suppose -4 = -0*j + 2*j + 2*k, 2*j = -3*k. Let q be ((-3)/j - 2)*-6. Suppose 752 + 823 = 25*x. What is the highest common divisor of q and x?
9
Let k = -1038 + 1101. What is the highest common divisor of k and 7?
7
Let z(p) = -p**2 - 23*p - 37. Let t be z(-21). Suppose -4*f + 3*w = -315, -9*w + 420 = t*f - 4*w. What is the greatest common divisor of 54 and f?
27
Let d be (1 - 2)*103*-11. Let m(p) = 210*p**2 - 612*p + 49. Let n be m(3). What is the highest common divisor of n and d?
103
Let c(i) = -i**3 + 9*i**2 - 4*i - 6. Let o be c(7). Let d(t) = -155*t - 2309. Let u be d(-15). Calculate the greatest common factor of u and o.
16
Let f = 43 + -38. Let w be (-2 + f/3)*-21. Suppose 3*u = 5*s - 222 + w, 5*u + 205 = 5*s. Calculate the highest common divisor of s and 115.
23
Let m(u) = -169*u**3 - u**2 + 7*u - 7. Let j be m(1). Let d = j + 178. Calculate the greatest common factor of d and 44.
4
Let x(m) = -8*m + 20. Let p be x(-6). Let r = p + -11. Let f = 93 - r. What is the highest common factor of 18 and f?
18
Suppose n - 127 = -2*q + 16, 0 = -n + 3. Let r be 884/22 + (-4)/22. Suppose r*i - 392 = 26*i. What is the highest common divisor of q and i?
14
Let w be -2*(-39 - 45/(-15)). What is the greatest common factor of w and 81?
9
Suppose 0*k = 9*k + 27. Let b be k*-1*1/1. Let q be (-16)/(1/(b/(-3))). Calculate the highest common factor of 24 and q.
8
Let d be (-27)/18*(-32)/3. Let f(i) = 243*i**2 - 6*i - 12. Let g be f(-2). Suppose 5*a = -92 + g. Calculate the greatest common factor of d and a.
16
Let f be 3280/(-6) - 1 - (-25)/15. Let t be f/(-28)*(-6)/27*-24. Let w = 33 + -20. What is the highest common factor of w and t?
13
Suppose -3*h = 5*o - 2918, 0 = 4*h + 5*o + 383 - 4277. Calculate the greatest common divisor of h and 80.
16
Suppose 0 = -0*q - q + 23. Let u = 4180 + -4157. What is the greatest common divisor of u and q?
23
Let i(p) = -2*p**3 - 50*p**2 + 51*p + 736. Let o be i(-27). Calculate the greatest common divisor of o and 364.
91
Suppose 0 = -5*p + 4*s + 63, 4*p + s - 15 = 27. Let o(x) = 8*x**2 + 24*x + 3. Let w be o(p). Calculate the highest common divisor of 65 and w.
65
Let u be ((-48)/(-28))/(2 - 123/63). Suppose 9*p = u + 36. Let r(v) = -v**3 - 2*v**2 - 3*v - 2. Let z be r(-2). What is the highest common factor of z and p?
4
Let z = 7 - 10. Let p be ((-10)/15)/(z/153). Let m = 32 - 15. Calculate the greatest common divisor of m and p.
17
Let i be 7/1 - -2*(3 + -4). Suppose -53 = -4*z - i. What is the highest common divisor of z and 24?
12
Let g(m) = m**3 - 3*m**2 + 16*m + 377. Let j be g(0). What is the greatest common factor of 551 and j?
29
Let u = 37 + 38. Suppose u = -5*b + 8*b. Suppose -3*h + 9 + 6 = 0. Calculate the greatest common factor of h and b.
5
Let i be ((-6)/(-18))/((-10)/(-3600)). What is the highest common divisor of 45 and i?
15
Suppose 9*i + 10 = 37. Let g(q) be the third derivative of -q**5/60 + q**4/2 + q**3/6 + 14*q**2. Let n be g(4). What is the greatest common factor of i and n?
3
Let g = -181 - -162. Let x(d) = -d**3 - 15*d**2 + 65*d + 11. Let y be x(g). Calculate the highest common divisor of 88 and y.
44
Let b(a) = -612*a + 1802. Let x be b(-12). What is the greatest common divisor of x and 34?
34
Let k be (-162 - (-2 - -3)) + (-2)/2. Let o = 235 + k. Suppose -3*x = s - o, -2*x - s = -5*s - 52. Calculate the greatest common divisor of 6 and x.
6
Suppose 123 = -i - 2*i. Suppose -18*p - 137 = -15*p - o, 5*p + o + 239 = 0. Let n = i - p. What is the greatest common divisor of 2 and n?
2
Suppose 0 = k - 2*d - 28, 4*k - 6*d - 106 = -d. Let v = 95 + -83. What is the highest common factor of k and v?
12
Let y(s) = 11 - 9*s**2 - 17 + s**3 - 14*s + 4*s. Let m be y(10). Let d be 1 - m - -4*1. Calculate the highest common factor of 44 and d.
11
Suppose -15 = -7*s + 8*s. Let l = s - 45. Let a = l - -207. Calculate the greatest common divisor of 21 and a.
21
Let z = 34 + 105. Let v = 4 + z. Calculate the highest common divisor of 55 and v.
11
Suppose -2*b = -4*z - 28, -3*b = -2*b + 5*z - 49. Let w(f) = -b*f + 1 - 6 + 13 + 8. Let v be w(-6). What is the greatest common factor of v and 20?
20
Suppose 22*s = 19